 3. Let n be g(2). Let i = 4 - n. Suppose 3*u - 2*p + 7*p + 14 = 0, -2*u - i*p - 8 = 0. What is the remainder when 2 is divided by u?
0
What is the remainder when 89 is divided by (-6)/(-16) + (-980)/(-32)?
27
Let k = -3 + -6. Let c = 15 + k. What is the remainder when c is divided by 4?
2
Let s(p) = -3*p**3 - 3*p**2 - 3*p - 2. What is the remainder when s(-3) is divided by 33?
28
Suppose 0*u = 5*u - 15. Suppose q = 6 - u. Let j = 8 + 0. Calculate the remainder when j is divided by q.
2
Let s(p) = -2*p**2 + 6*p + 6*p**2 + p**2 - 3*p**2 + 6. What is the remainder when 27 is divided by s(-4)?
13
Suppose 2*p + 30 = 3*p + q, -95 = -3*p + 2*q. Let x(c) = 16*c. Calculate the remainder when p is divided by x(1).
15
Let m(q) = 3*q**2 + 3*q - 4. Calculate the remainder when 27 is divided by m(-3).
13
Let r = -42 - -54. What is the remainder when r is divided by ((-2)/1)/2 + 6?
2
Suppose 0 = 2*y + 6, 5*w = y - 6*y + 330. Calculate the remainder when w is divided by 18.
15
Let b = 8 - -5. Calculate the remainder when 23 is divided by b.
10
Calculate the remainder when -2 + 2*(-18)/(-4) is divided by 3.
1
Let d(l) = l**2 - 5*l - 5. Suppose 5*x - 33 - 7 = 0. What is the remainder when d(x) is divided by 22/3 - 2/6?
5
Suppose -2*y = -37 + 15. Let a = 26 - -6. What is the remainder when a is divided by y?
10
Suppose -d + 3 - 1 = 0. Let x(m) = 2*m**3 - 3*m**2 + 2*m + 1. What is the remainder when 17 is divided by x(d)?
8
Let m = 16 - 11. Suppose 4*g - i - 26 - 12 = 0, -i + 52 = m*g. Suppose -w + 0 = -18. What is the remainder when w is divided by g?
8
Let a = -14 - 8. Let x = -11 - a. Calculate the remainder when x is divided by 4.
3
Suppose -52 = 10*j - 122. What is the remainder when 19 is divided by j?
5
Suppose -3*b = -3*i + 57, -i - 2*b + 49 = 3*b. Suppose 2*n - 5*o - i = -3*o, -3*n - o = -16. What is the remainder when 12 is divided by n?
5
What is the remainder when (-1)/((-20)/3128) + 3/5 is divided by 32?
29
What is the remainder when 1528/32 + 3/(-4) is divided by 24?
23
Suppose x + 3 = 20. Suppose -d = -0*d. Suppose d = a + 5*l + 14, -4*l + 2*l - 32 = -4*a. Calculate the remainder when x is divided by a.
5
Let v(g) = -8*g + 6. Calculate the remainder when 59 is divided by v(-3).
29
Suppose n + 85 = 6*n. Suppose n = 4*d - 3*d. What is the remainder when 50 is divided by d?
16
Let v be 2/11 - (-294)/77. Suppose 56 = 4*a + v*d, -2*a = -0*d - 2*d - 28. Calculate the remainder when 23 is divided by (-4)/a + (-58)/(-7).
7
Suppose -8*k + 6*k = -14. What is the remainder when 12 is divided by k?
5
Let b(u) = 3*u + 8. What is the remainder when 37 is divided by b(4)?
17
Let q(h) = -27*h**3 - h**2 - 2*h - 1. Calculate the remainder when q(-1) is divided by (-80)/(-6) - 6/(-9).
13
Suppose -u = -4*y + 44, -3*y + 32 + 1 = -3*u. Let i = y + 3. Let z = -6 + 14. What is the remainder when i is divided by z?
6
Suppose 1046 - 66 = 5*m. Suppose 0*t - m = -4*t. Suppose 5*d - 13 = -3*n + t, 2*n - 36 = 2*d. Calculate the remainder when 56 is divided by n.
18
Let t = 23 + 3. Calculate the remainder when 74 is divided by t.
22
Suppose -4*w = -139 - 9. Calculate the remainder when w is divided by 10.
7
Let f(q) = -q**3 - 10*q**2 + 5*q - 26. What is the remainder when 79 is divided by f(-11)?
39
Suppose -44 = 3*h - 7*h. Calculate the remainder when h is divided by 5.
1
Let t(v) = 3*v + 2. Let s = 24 - 21. Calculate the remainder when t(2) is divided by s.
2
Let i(c) = c**3 + 8*c**2 + 2*c - 6. Let y be i(-7). Let f = 41 - y. Calculate the remainder when 33 is divided by f.
9
Suppose -3*b = -52 + 4. Let t = 33 - 20. Calculate the remainder when b/4*(1 - -5) is divided by t.
11
Suppose -g - 4 = -4*l - 1, 5*l = 2*g. Let w(y) = 2*y**2. Calculate the remainder when l is divided by w(1).
0
Let s be 8/(-4) + (-6)/(-2). Let l = 3 - s. Calculate the remainder when 17 is divided by ((-6)/4)/(l/(-12)).
8
Let m(b) = -13*b**2 + b. Let q be m(-1). Suppose -2*n = -6*n + 84. Let f = q + n. What is the remainder when 20 is divided by f?
6
Suppose 5*x + 0 - 5 = 0, -5*x = 4*d - 413. Calculate the remainder when d is divided by 15.
12
Let m(p) be the first derivative of p**3/3 - p**2/2 + 16*p + 2. Let t be m(0). Suppose 4*y - 56 + t = 0. What is the remainder when 18 is divided by y?
8
Let y = 5 + 1. Calculate the remainder when 7 is divided by 2/(-6)*y*-2.
3
Let p = 2 - -49. Calculate the remainder when 142 is divided by p.
40
Suppose 6*w - w = 10. Suppose w*b + r + 3*r = -8, -3*b = r - 13. Let d(z) = z**2 + 3*z - 7. What is the remainder when d(-6) is divided by b?
5
Suppose -31 + 144 = 5*g + 3*x, 4*g + 5*x = 80. Calculate the remainder when g is divided by 9.
7
Let c = 5 + 2. Calculate the remainder when c is divided by 5.
2
Let j(n) be the third derivative of n**6/120 + n**5/15 - n**4/24 + n**3/2 - n**2. What is the remainder when 20 is divided by j(-4)?
6
Suppose 0*q + q = 18. Suppose -q - 15 = -3*c. Calculate the remainder when c is divided by 4.
3
Suppose 2*p = 4*l, -p - 3*l + 4 = -2*p. What is the remainder when p is divided by 0/2 + 1 - -2?
2
Let w = 12 + -1. Suppose 4*c + 2 - 122 = 0. Calculate the remainder when c is divided by w.
8
Let r = 5 + 0. Suppose 2*d - 3*v = -8*v + 15, 4*d + 4*v = 24. Suppose -4 = 4*l - d*g - 25, 6 = l - g. Calculate the remainder when l is divided by r.
4
Suppose 4*o + 10 = -22. Let r = 4 - o. Calculate the remainder when 21 is divided by r.
9
Suppose 0*o + 2*n = o - 24, -5*o = -3*n - 120. Suppose 0*u = -2*u + o. Suppose h - u = 4*y, y + 4*y = -3*h + 53. What is the remainder when h is divided by 6?
4
Let g = -7 - -16. Suppose -v = m + 3*m - 104, 5*m - 4*v - 109 = 0. What is the remainder when m is divided by g?
7
Suppose 0 = -a + 10 - 1. Suppose 4*d - 57 + a = 0. What is the remainder when 23 is divided by d?
11
Let q(z) be the first derivative of z**3/3 + 3*z**2/2 + 3*z - 3. Let g be q(-3). Suppose -6*l = -g*l - 24. What is the remainder when l is divided by 5?
3
Let u = -4 + 7. Let f(i) = -i**2 + 6*i + 1. What is the remainder when 17 is divided by f(u)?
7
Suppose 0 = -d - 2 + 4. Let w be 7 - (-1 - (0 + -1)). Suppose -d*k + 14 = 2*v, v - 20 = -3*k + w. What is the remainder when 18 is divided by k?
8
Let i = -227 + 236. Suppose 3*j = -j + 136. What is the remainder when j is divided by i?
7
Let f = -127 + 69. Calculate the remainder when ((-1)/1)/(1/(-5)) is divided by 10/(-45) + f/(-18).
2
Suppose 2*y = 7*y - 95. Suppose -2*i + 3 = -y. What is the remainder when 21 is divided by i?
10
Let b = -4 - -4. Let s = -11 - -15. Suppose -16 = -s*q - b*q. Calculate the remainder when 6 is divided by q.
2
Let o = 25 + -7. Calculate the remainder when 51 is divided by o.
15
Let i = -29 + 44. What is the remainder when i is divided by (8 - 0/7)*2/2?
7
Let r = -11 + 18. Calculate the remainder when 19 is divided by r.
5
Suppose 0 = -2*z + 6*z + 4*t - 12, -15 = -2*z + t. Let s(d) = 6*d**3 + d**2 - d. Let r be s(1). What is the remainder when (-3 + 38/r)*3 is divided by z?
4
Suppose 0 = -3*c + 3, a - 28 = -9*c + 4*c. What is the remainder when 4/(12/1) - (-1330)/15 is divided by a?
20
Let y be -4*(-2 + 1) - 2. Let m(q) = q**2 + 12*q - 10 - 8*q + 7*q - 2*q**y. What is the remainder when m(8) is divided by 8?
6
Let k(x) = x**2 - 6*x. Let n be k(6). Suppose -5*p + 6 + 29 = n. What is the remainder when 13 is divided by p?
6
Let f(r) = r**2 - 4*r - 4. Let m = 9 + -13. Calculate the remainder when f(m) is divided by 10.
8
Suppose -5*i + 19 = -5*k + 169, -5*i = 25. What is the remainder when k is divided by 13?
12
Let l(x) = -x**3 + 10*x**2 + 6*x - 3. Calculate the remainder when l(10) is divided by 15.
12
Suppose -3 = -0*a - a. Let b = 10 + a. What is the remainder when 23 is divided by b?
10
Suppose 0 = 3*m - 27 + 3. What is the remainder when 1/(-2)*46*-1 is divided by m?
7
Suppose 0 = 4*a - 84 - 16. Let x = 11 + -2. Let z = x + 0. What is the remainder when a is divided by z?
7
Let j(o) = o**3 - 5*o**2 + 3*o - 6. Let a be j(5). Let w = a + -5. Suppose -2 = -s + w. What is the remainder when 16 is divided by s?
4
Suppose -3*q + 225 = m, -4*q - 4*m + 3*m + 299 = 0. Calculate the remainder when q is divided by 38 - (0 - (-1 + 1)).
36
Let p(k) = k + 13. What is the remainder when 31 is divided by p(4)?
14
Suppose 3*s - 56 = -2*p - 0*p, 5*s - 89 = p. Suppose 66 = -16*a +